 7*u**2 + 3*u + 9. Let s(o) = -o**3 + 6*o**2 + 6*o. Let f be s(6). Suppose f - 1 = 5*p. What are the prime factors of z(p)?
2, 3, 5
Suppose 4*z - 2*n - 4 = -4*n, 2 = -n. Suppose 7*j - s - 418 = z*j, s = -3*j + 246. List the prime factors of j.
83
Let h = -2 + 4. Let v(c) = 89*c + 11. What are the prime factors of v(h)?
3, 7
Let u(h) = -h**3 - 13*h**2 - h - 1. Let n be u(-13). List the prime factors of ((-6)/n)/(2/(-344)).
2, 43
Suppose -4*j = -4*c + j + 1573, -4*c + 1565 = 3*j. List the prime factors of c.
2, 7
Let c = 477 - -49. List the prime factors of c.
2, 263
Let q be 4*3/(-30) + (-17)/(-5). What are the prime factors of q + 1 + 279 + (4 - 0)?
7, 41
Let l be (84/98)/((5/252)/(-5)). Let v = -104 - l. What are the prime factors of v?
2, 7
Let h = -9 + 204. Suppose 0 = -215*o + 216*o - h. What are the prime factors of o?
3, 5, 13
Let h = -1185 + 2586. List the prime factors of h.
3, 467
Let w(u) = u**3 + 22*u**2 + 40*u - 79. List the prime factors of w(-18).
7, 71
Let t(a) = -a**2 - 5*a + 5. Let g be t(-6). Let u be (80/25)/(g/(-5)). Suppose -5*n + u = -n. What are the prime factors of n?
2
Suppose 0 = 120*p - 107*p - 13104. What are the prime factors of p?
2, 3, 7
Suppose 14*w - 31 = 39. What are the prime factors of (-53)/(9/2 - w)?
2, 53
Suppose -15*g + 89297 - 28967 = 0. What are the prime factors of g?
2, 2011
Suppose n - 4*c = -2*n + 55, -5*n + c = -120. Let i = n + -23. Suppose -4*l - 2*x - 2*x = -16, -i*x = -3*l + 12. What are the prime factors of l?
2
Let q(s) = -s**3 - 7*s**2 - 6*s + 9. List the prime factors of q(-8).
11
What are the prime factors of (6 - 18)*(2445/(-12) - 7)?
3, 281
Suppose -7 = -4*g + 5. Suppose -q = g*q. Suppose -2*r + 16 + 40 = 4*x, q = 5*r - 20. List the prime factors of x.
2, 3
Let s(q) = q**3 + 10*q**2 + 12*q + 8. Let i be s(-8). Suppose 5*n = 0, -3*o - i = -2*n + 26. List the prime factors of (-86)/(-4) - (-11)/o.
3, 7
Let o(h) = -h**2 + 8*h + 7. Let m be o(8). Let j be 4/(((-14)/(-4))/m). Suppose 16 = 9*l - j*l. List the prime factors of l.
2
Suppose -6*t + 1582 = -1046. What are the prime factors of t?
2, 3, 73
Let u(x) = x**2 - 11*x + 13. Let g be u(10). Let i(a) = 5*a - 2. Let j be i(g). Let k = 37 - j. What are the prime factors of k?
2, 3
Suppose 5*a + 1 - 36 = 0. Suppose 4*m + 2*b = 6, -a*b = m - 2*b - 15. Suppose m = -5*q + 150. List the prime factors of q.
2, 3, 5
Suppose -2*q = 2*q - 8. Suppose q*l - 110 = -0*l. What are the prime factors of l?
5, 11
Let c(q) = q + 7. Let o be c(-5). Suppose -2*w - 144 = -4*k - k, -o*w = -6. What are the prime factors of k?
2, 3, 5
Let r(k) = 2*k**2 - 5*k + 2. Let c be r(2). Suppose c = -7*z + 210 + 70. What are the prime factors of z?
2, 5
Let i = 2096 - 1378. What are the prime factors of i?
2, 359
Suppose -140 = -t - o - 3*o, 4*o + 796 = 5*t. Suppose 4*s = -y - 15, -33 = -3*y + 3*s - 3. Suppose -a = y*a - t. List the prime factors of a.
2, 13
Suppose -3*w - 2*v + 8 = -63, -5*v = 10. Let l = 173 - w. What are the prime factors of l?
2, 37
Let c(m) = -6*m + 2. Let t be c(4). Let s be (-10)/55 + (-4)/t. Suppose -5*z + 32 + 48 = s. List the prime factors of z.
2
List the prime factors of ((-80460)/(-1043))/(41/(-21) + 2).
2, 3, 5
Suppose 0 = -o - 6 + 8. List the prime factors of 678/9 + o/3.
2, 19
Let r(x) = 2*x**3 - 2*x**2 - 8*x - 49. What are the prime factors of r(11)?
3, 761
Let k(j) = 12*j**2 + 3*j - 1. Let q be k(4). Suppose 87 = -n + q. What are the prime factors of n?
2, 29
Suppose 273 = 64*l - 63*l. List the prime factors of l.
3, 7, 13
Suppose -5*b - 3*q = -17, 0 = 2*b - q - 0*q + 2. Let u = 59 + -201. What are the prime factors of (16 + u)*b/(-2)?
3, 7
Let s = -431 - -1164. List the prime factors of s.
733
Suppose 12*r - 28160 = -8*r. What are the prime factors of r?
2, 11
Suppose 2*a - h = -217, 0 = 3*a + 3*h - 5*h + 327. Let o = a + 193. Let l = 126 - o. List the prime factors of l.
2, 5
Let h be 4*(-6)/84 + 1340/(-14). Let a = -68 - h. What are the prime factors of a?
2, 7
Suppose -4*r - 4*y + 55 = -3*y, 5*r = -y + 70. List the prime factors of ((-96)/r)/(5/(-50)).
2
Let b(d) = 27*d**2 + 20*d - 12. What are the prime factors of b(6)?
2, 3, 5
Let b(o) = 2*o**2 + 2*o - 3. Let l be b(-3). Suppose -a - 1 = 0, 2*j + 3*a + 6 + 5 = 0. Let i = l - j. What are the prime factors of i?
13
Let a(y) = -y**2 - 2*y + 13. Let f be a(-4). Let i be -1 + ((-4)/(-2) - -3). Suppose 0*q = -i*l - q + 29, -f*q - 9 = -2*l. List the prime factors of l.
7
Suppose 17*w - 8765 + 2883 = 0. List the prime factors of w.
2, 173
Suppose 23*m + 12 = 27*m. Suppose -2*z + m*x + 148 = 0, -5*z - 5*x + 338 = -57. List the prime factors of z.
7, 11
Let i = 11 + -11. List the prime factors of (i + 3 + -3)/(-1) - -99.
3, 11
Suppose -13 = -3*i - o, 3*o + 0 = 2*i - 5. Suppose 6*j + 15 = 3*j, i*g - 348 = 4*j. What are the prime factors of g?
2, 41
Let n(b) = 32*b + 12. Let i be n(-8). What are the prime factors of i/(0 - (-1 - -3))?
2, 61
Let c(x) = -41*x + 183. What are the prime factors of c(-16)?
839
Suppose 0 = 8*m - 4*m - 28. Let w = 17 + m. What are the prime factors of w?
2, 3
Suppose -2*u = -4*l + 10, -2*l + 23 = 5*u - 12. Suppose l*j - 200 = -0*j. List the prime factors of j.
2, 5
Suppose -79347 = -22*k - 4833. List the prime factors of k.
3, 1129
Let k(m) = -36*m + 36. Let x be k(-4). Let t = 409 - x. What are the prime factors of t?
229
Let t(o) be the first derivative of -23*o**2/2 - 5*o - 21. List the prime factors of t(-6).
7, 19
Let c = 503 - 293. List the prime factors of c.
2, 3, 5, 7
Suppose 5*j - 3*j = 2*l + 10, -2*j - l + 4 = 0. Suppose 3*b + 1112 = 5*x, -j*x = -b + 4*b - 648. List the prime factors of x.
2, 5, 11
Let s(h) = h**3 - 7*h**2 + 9*h + 4. Suppose 0 = -3*y + 7*y + 5*w + 1, -5*y - 2*w = -20. What are the prime factors of s(y)?
2, 11
Suppose -8 - 4 = -4*u. What are the prime factors of (2 - 5)*(-211)/u?
211
Suppose 71*a + 17248 = 85*a. What are the prime factors of a?
2, 7, 11
Let p = -17 - -16. Let c be p/(-1) + (-7)/(-7). Suppose 4*x - 4*m = 160, c*x = 4*x + 4*m - 50. What are the prime factors of x?
5, 7
Suppose 2*z = -3*d + 5, -d - 2 = z - 3. Let c = z - -5. Suppose -c*f - f = -12. What are the prime factors of f?
3
Suppose -3*v - 5*w + 4300 = 0, v = -340*w + 341*w + 1436. What are the prime factors of v?
5, 7, 41
Suppose 6*a - 8 = 4*a. Suppose -a*f = -0*f - 260. What are the prime factors of f?
5, 13
List the prime factors of 9333/21 + 1*(-12)/28.
2, 3, 37
Suppose 12*d - 14113 + 4129 = 0. List the prime factors of d.
2, 13
Let v be 9/((-54)/(-28)) + (-6)/9. Suppose 0*q + 146 = 5*x + q, -33 = -x - v*q. What are the prime factors of x?
29
Suppose -3*a - 1 + 12 = -s, -a + 4*s = -11. Let t(o) = -7*o + 1. Let x be t(a). List the prime factors of 3*2/(-15)*x.
2
Suppose -o + 1099 = -4*s, 0 = 5*o - o + 3*s - 4396. List the prime factors of o.
7, 157
Let l(t) = 35*t**2 - 18*t + 53. What are the prime factors of l(5)?
2, 419
Let t(p) = -54*p + 262. What are the prime factors of t(-12)?
2, 5, 7, 13
Let j be 18/(-27)*(-57)/2. Let k = -21 + j. What are the prime factors of 0 - -4 - 40/k?
2, 3
Let a(s) = 2*s**2 - 5*s - 17. Let g(d) = -d**2 + 2*d + 6. Let q(h) = -3*a(h) - 8*g(h). Let c be q(-3). Let n = c + -12. List the prime factors of n.
2, 3
Suppose -2*w = -5*q + 16, 8 = -2*q - 0*w - 4*w. Suppose -4*f - 86 = -z, 3*z - 430 = -q*z - 2*f. Suppose 0 = -3*b - 20 + z. List the prime factors of b.
2, 11
Suppose -v + 9264 = 11*v. What are the prime factors of v?
2, 193
Suppose 2*j - 4 = -0*j. Suppose 4 = -3*h - j. Let d = 7 + h. List the prime factors of d.
5
Let c be (4 - 44/12)*117. Let m = c + 53. List the prime factors of m.
2, 23
Let t(h) = -3*h**3 + 25*h**2 + 4*h + 2. Let p be t(8). Suppose p = -2*j + 370. What are the prime factors of j?
2, 17
Let k be 591*(7/(-21) + 1 + -1). Let v = 330 + k. List the prime factors of v.
7, 19
Let c = 3489 + -328. List the prime factors of c.
29, 109
Let r(z) = 4*z**2 - 5*z + 99. What are the prime factors of r(-19)?
2, 3, 7, 13
Let l = -1301 - -2624. List the prime factors of l.
3, 7
Let w(b) = -151*b - 9. What are the prime factors of w(-3)?
2, 3, 37
Suppose 5*q - 3904 = 3*b - 2*b, 0 = -3*q - 5*b + 2320. What are the prime factors of q?
2, 3, 5, 13
Let o be -2 + 8 + -2 - 1. Suppose 300 = u + o*u. What are the prime factors of u?
3, 5